12)?
3
Let f = -16 - -26. Let o = -25 + 44. What is the remainder when o is divided by f?
9
Suppose 0 = 13*m - m - 684. What is the remainder when 225 is divided by m?
54
Suppose 0 = 2*f + 8*f - 40. What is the remainder when 13 is divided by f?
1
What is the remainder when 8 is divided by (-2)/(-6) + 17/3?
2
Let y = 129 - 83. Suppose -112 = -2*h - 5*h. Calculate the remainder when y is divided by h.
14
Let x be 1*(1 - 1)/(-1). Let j = x + 7. Let s(n) = 2*n - 10. Calculate the remainder when 10 is divided by s(j).
2
Let b = 19 + -3. What is the remainder when (15/(-4))/(3/(-24)) is divided by b?
14
Let b = 30 - 16. Let a(g) = -4*g**3 + g**2 + g + 1. Calculate the remainder when b is divided by a(-1).
4
Let p(b) = -b**2 - 15*b - 9. Let n(m) = m**2 - 4*m + 2. Calculate the remainder when p(-10) is divided by n(6).
13
Let p be (-1 + 1)/(0 - 1). Suppose p = -4*r - r + 65. Calculate the remainder when 25 is divided by r.
12
Let m(z) = -z**3 - 4*z**2 + z + 5. Let g be m(-4). Let l(q) = 34*q**3 - q**2 + q. Calculate the remainder when l(g) is divided by 12.
10
Let a = 30 - 16. Let l be 4/6 - 35/(-15). What is the remainder when 1 - -26 - (3 - l) is divided by a?
13
Let t = -48 + 78. Suppose -2*b = -k, 4*k - t = k - 4*b. Let z(f) = 4*f**2 - 2*f - 2. Calculate the remainder when z(2) is divided by k.
4
Let l(t) = -t**3 - 3*t**2 - 2*t - 2. Let m be l(-3). Suppose 0 = j + m*i - 14, 4*j - 23 = -3*i + 20. What is the remainder when 18 is divided by j?
8
Let u(a) = -a**2 - 4*a. Let s be u(-2). Calculate the remainder when -4 - ((-59 - 0) + s) is divided by 9.
6
Calculate the remainder when 63 is divided by ((-10)/(-30))/(1/39).
11
Let f(y) = y**3 + 8*y**2 + 7*y - 6. Let l be f(-6). Suppose 5*c - 6 - l = 0. Calculate the remainder when (1 - 41)*(-4)/10 is divided by c.
4
Let r(n) = 43*n**2 + 2*n + 3. Let z be r(-2). Calculate the remainder when (1/3)/(3/z) is divided by 10.
9
Suppose 5*a + 2*h - 114 = 0, 2*a = 3*a + 3*h - 28. What is the remainder when 107 is divided by a?
19
Let g(n) = -n**3 - 4*n**2 - 2*n - 4. Let w be g(-3). Let i = w + 18. What is the remainder when 20 is divided by i?
9
Suppose 3*d = k + 100, -k + 166 = 5*d - 3*k. Let x = -25 + d. Calculate the remainder when 17 is divided by x.
8
Suppose 3*j - 8 - 1 = 0. Suppose -68 = -5*t + j*t. Calculate the remainder when t is divided by 12.
10
Suppose 11*g - 2692 = -52. What is the remainder when g is divided by 11?
9
Let s(i) = -2*i**3 - 2*i**2 + i + 2. Let p be s(-2). What is the remainder when 66 is divided by (12/p)/(6/68)?
15
Let m = -8 + 15. Calculate the remainder when 25 is divided by m.
4
Let q(w) = 3*w**2 - 2*w + 1. Let s = -7 - -8. Let u be q(s). Suppose 14 = 4*o + 2*v - 12, -3*v + 15 = u*o. Calculate the remainder when 16 is divided by o.
4
Let c be 10/25 - 76/(-10). Let z = -54 + 98. Calculate the remainder when 21 is divided by c/z + 238/22.
10
Let c be (-20)/9 + (-6)/(-27). Suppose -26 = 2*z - 3*z + 3*h, -z + 2*h + 21 = 0. Calculate the remainder when z is divided by (-3)/(c/2) + 1.
3
Let i(d) = 2*d. Suppose 0 = -3*f + 6, 4*f = t + 3 - 42. What is the remainder when t is divided by i(5)?
7
Suppose -5 = -z - 1. What is the remainder when 9 is divided by z?
1
Suppose 2*l + 0*l = 142. Suppose 2*o - 4*o + 4*c = -60, -o + 18 = 2*c. What is the remainder when l is divided by o?
23
Let j(d) be the first derivative of 3*d**2 - 3*d - 2. Calculate the remainder when j(6) is divided by 17.
16
Suppose -h + 1 = -4. What is the remainder when 17 is divided by h?
2
Suppose -2*y = 2*p - 30, 3*y = -4*p - 2*y + 57. Let r = 14 + -10. Suppose -r*d + 10 = -v, 0*d = d - 5. What is the remainder when p is divided by v?
8
Let f = -11 - -13. Suppose -13 = -2*q - y, q - 29 = f*y + 2*y. What is the remainder when 22 is divided by q?
4
Calculate the remainder when (-30)/105 + 242/14 is divided by 5.
2
Suppose 0*x = 2*x - 40. Let z = -13 - -18. Let h = 2 + z. Calculate the remainder when x is divided by h.
6
Suppose 0*u = u + 5*y - 39, y = 2*u - 34. What is the remainder when 56 is divided by u?
18
Let z(x) = -x**3 + 5*x**2 + 4. Calculate the remainder when z(3) is divided by 13.
9
Suppose 5*g + 42 = 127. Let a = g - -42. Let q = a + -28. Calculate the remainder when q is divided by 17.
14
Suppose 4*y + 3*g + 2*g + 3 = 0, 3*g = y - 12. Suppose -b = b - 8. Suppose -b*w = 4*c - 16, c + 2*c - 3*w = 0. Calculate the remainder when y is divided by c.
1
Let w = -8 + 14. What is the remainder when 20 is divided by w?
2
Let c = -3 + 5. Let p = -1 - c. Calculate the remainder when 5 is divided by ((1 - 1) + p)*-1.
2
Let b(w) = -6 + 4 + 13 + 7*w. What is the remainder when b(8) is divided by 14?
11
Let n(j) = 71*j**2 - 3*j - 3. What is the remainder when n(-1) is divided by 26?
19
Suppose -10*z + 110 = -8*z. Let v = 15 + -36. What is the remainder when z is divided by 1*-2*1 - v?
17
Suppose -5*w + 241 = 11. Suppose 5*t = 10*t - 80. Calculate the remainder when w is divided by t.
14
Suppose -5*m = -195 - 120. What is the remainder when m is divided by 22?
19
Let i(u) = u**3 - u**2. Let v be i(1). Let f be -1 + v - (-2 - -1). Calculate the remainder when -83*1/(f + -1) is divided by 21.
20
Suppose 210 = 5*b + 5*b. Calculate the remainder when 188 is divided by b.
20
Calculate the remainder when 73 is divided by (492/(-360) - 2/15)*-10.
13
Let z(m) = m + 16. Let u be (1 - 2)*0/3. Calculate the remainder when z(u) is divided by 9.
7
Let y(p) = p**2 - 18. Calculate the remainder when y(9) is divided by 22.
19
Suppose 2*t - t = 24. Calculate the remainder when 47 is divided by t.
23
Let c be ((-6)/(-4))/(-1)*-10. What is the remainder when 142/5 + c/25 is divided by 15?
14
Let v(n) = n**3 - n + 1. Let q(r) = -3*r**3 - 2*r**2 + 1. Let o be q(-1). What is the remainder when (-1)/2 - (-39)/2 is divided by v(o)?
5
Suppose -o - 2*x = -2*o - 2, 3*o = 4*x + 2. Let i(r) = -o + 2*r - 1 + 0*r. What is the remainder when 12 is divided by i(7)?
5
Let n = 2 + 13. Suppose n - 71 = -2*j. What is the remainder when 22 is divided by 1/(2/j) - 2?
10
Suppose 3*v + v = 36. Let x(f) = 8*f - 6 - 6 + 3*f - f**2. What is the remainder when 15 is divided by x(v)?
3
Suppose 47 - 467 = -15*n. Calculate the remainder when 277 is divided by n.
25
Let m be 2/((-3)/3) - -2. Calculate the remainder when 27 is divided by (3 - m)/((-15)/(-50)).
7
Let i = -39 + 56. Suppose 9 = 2*k - 87. What is the remainder when k is divided by i?
14
Calculate the remainder when 3/(-2)*94/(-3) is divided by 12.
11
Let x(p) = -p**3 - 2*p**2 + 6*p + 6. What is the remainder when 53 is divided by x(-4)?
11
Calculate the remainder when 83 is divided by 248/6 - (-6)/9*1.
41
Suppose -30 = -v - 2*f - 1, 2*v - 63 = -5*f. Suppose -5 + v = 2*c. What is the remainder when (1 - -1 - -16) + 1 is divided by c?
5
Let x(n) = 50*n + 1. What is the remainder when x(3) is divided by 51?
49
Let h(s) = 2*s**2 + 8*s + 3. Calculate the remainder when 36 is divided by h(-5).
10
Let w = 11 + 7. Suppose w = 3*i - 2*i. What is the remainder when 52 is divided by i?
16
Let m = -126 + 234. Calculate the remainder when (-1)/(-4) - m/(-16) is divided by (-2)/(0 + 2/(-4)).
3
Suppose -4*l - 3*w = -32, 4 = -4*w + 5*w. Calculate the remainder when 18 + (1 - (-2 + 4)) is divided by l.
2
Calculate the remainder when 18/(5 + (-1 - 3)) is divided by (3/(-6))/(2/(-20)).
3
Suppose q = -5*d - 2*q + 91, 5*q = -3*d + 61. What is the remainder when 50 is divided by d?
16
Suppose 4*h - 14 = 2. Calculate the remainder when h/(-6) - 786/(-18) is divided by 11.
10
Let k = 75 + -59. What is the remainder when k is divided by 4?
0
Suppose -8 = 4*r, o - 63 = 3*r - 6*r. Calculate the remainder when o is divided by 36.
33
Let w(c) = 14*c - 14. What is the remainder when 110 is divided by w(3)?
26
Let d = 1 + 10. Suppose d = 5*x - 19. Calculate the remainder when 16 is divided by x.
4
Calculate the remainder when ((-8)/8)/((-1)/49) is divided by 13.
10
Suppose 0 = -2*x - 3*k - 3 - 4, 4*k - 44 = 4*x. Calculate the remainder when x/1*10/(-8) is divided by 6.
4
Let x(t) = -t**2 + 9*t - 10. Let f be x(7). Suppose -f*z = -2*z - 80. What is the remainder when z is divided by 14?
12
Suppose 6*k = 19*k - 312. Calculate the remainder when 94 is divided by k.
22
Let b = 10 - 6. Let u(x) = 3 - 2*x + b*x - x. Calculate the remainder when 